s 9 a factor of 23598?
True
Is 1215581 a multiple of 3?
False
Does 21 divide 6183198?
True
Does 164 divide 808962?
False
Does 142 divide 222469?
False
Is 302103 a multiple of 22?
False
Does 571 divide 17481225?
False
Is 1106192 a multiple of 689?
False
Is 895815 a multiple of 30?
False
Is 845 a factor of 2056730?
True
Is 415506 a multiple of 13?
True
Is 6 a factor of 25350?
True
Does 76 divide 65739?
False
Does 8 divide 796502?
False
Does 566 divide 106974?
True
Does 51 divide 1827494?
False
Is 106 a factor of 27348?
True
Does 1040 divide 7270640?
True
Is 316 a factor of 120351?
False
Is 11646223 a multiple of 135?
False
Is 161 a factor of 252126?
True
Is 25 a factor of 225550?
True
Does 466 divide 14315986?
True
Is 21833 a multiple of 7?
True
Is 85302 a multiple of 14?
True
Is 53844 a multiple of 3?
True
Is 12 a factor of 396204?
True
Is 7 a factor of 8898?
False
Is 233 a factor of 256999?
True
Is 9985920 a multiple of 1120?
True
Is 1287453 a multiple of 181?
True
Is 5449489 a multiple of 104?
False
Is 93 a factor of 6890091?
True
Does 18 divide 214536?
False
Is 96 a factor of 75308?
False
Is 41 a factor of 1140497?
True
Does 49 divide 8428?
True
Is 12603597 a multiple of 35?
False
Is 309 a factor of 428584?
False
Is 66 a factor of 76758?
True
Is 44 a factor of 533588?
True
Is 78 a factor of 9415429?
False
Is 1924182 a multiple of 550?
False
Is 15 a factor of 393765?
True
Is 300 a factor of 2340675?
False
Is 11207748 a multiple of 10?
False
Does 3 divide 160529?
False
Is 92 a factor of 120981?
False
Is 2289983 a multiple of 499?
False
Is 1087062 a multiple of 103?
True
Is 51 a factor of 442833?
True
Does 14 divide 282296?
True
Is 454888 a multiple of 14?
True
Is 228 a factor of 2239872?
True
Is 159419 a multiple of 13?
True
Is 401356 a multiple of 7?
False
Does 26 divide 123864?
True
Does 407 divide 171149?
False
Is 7736264 a multiple of 244?
True
Does 452 divide 1422803?
False
Does 147 divide 208820?
False
Is 59 a factor of 703870?
True
Is 12 a factor of 16295?
False
Is 96 a factor of 1129740?
False
Does 28 divide 16213934?
False
Does 221 divide 191655?
False
Does 177 divide 1280949?
True
Does 11 divide 7470716?
True
Does 14 divide 166936?
True
Is 149576 a multiple of 14?
True
Is 79 a factor of 228310?
True
Is 19 a factor of 2578889?
True
Is 2847677 a multiple of 39?
False
Is 83 a factor of 2891238?
False
Is 6798319 a multiple of 13?
False
Is 174080 a multiple of 320?
True
Is 62 a factor of 32550?
True
Does 1100 divide 17793800?
False
Does 97 divide 2098401?
True
Does 14 divide 18270?
True
Is 492175 a multiple of 19?
False
Does 25 divide 48725?
True
Does 89 divide 1262468?
False
Is 3 a factor of 70717?
False
Is 79254 a multiple of 126?
True
Is 14399403 a multiple of 23?
True
Does 29 divide 6591381?
True
Is 750 a factor of 4815070?
False
Is 67284 a multiple of 178?
True
Is 5 a factor of 268453?
False
Does 102 divide 550665?
False
Is 87 a factor of 1682854?
False
Is 25 a factor of 23619?
False
Does 361 divide 162710?
False
Is 858627 a multiple of 63?
True
Does 20 divide 138142?
False
Is 29308 a multiple of 68?
True
Is 192856 a multiple of 8?
True
Is 278274 a multiple of 114?
True
Does 122 divide 12293214?
False
Does 190 divide 438269?
False
Is 503808 a multiple of 512?
True
Is 199 a factor of 996015?
False
Is 23 a factor of 164588?
True
Is 427041 a multiple of 82?
False
Does 147 divide 27455487?
False
Is 334820 a multiple of 10?
True
Is 9721255 a multiple of 1644?
False
Is 9450381 a multiple of 12?
False
Is 12 a factor of 312573?
False
Is 814990 a multiple of 341?
True
Is 7470348 a multiple of 14?
False
Does 138 divide 568216?
False
Does 9 divide 213039?
True
Is 1152549 a multiple of 4?
False
Does 3 divide 27995?
False
Does 64 divide 1251776?
True
Does 643 divide 4316436?
False
Is 175895 a multiple of 16?
False
Is 243760 a multiple of 220?
True
Is 227122 a multiple of 14?
True
Is 3 a factor of 19531?
False
Is 20515 a multiple of 27?
False
Is 84574 a multiple of 49?
True
Is 47 a factor of 178600?
True
Does 4 divide 28964?
True
Is 23 a factor of 1339428?
True
Is 1920412 a multiple of 26?
True
Is 282 a factor of 1530696?
True
Does 19 divide 1694214?
False
Does 13 divide 1090167?
True
Is 418 a factor of 342429?
False
Is 183 a factor of 564006?
True
Is 241 a factor of 1284289?
True
Is 1043550 a multiple of 54?
True
Is 137358 a multiple of 117?
True
Is 325 a factor of 6228022?
False
Is 238 a factor of 72114?
True
Does 27 divide 2527349?
False
Is 317879 a multiple of 241?
True
Is 975352 a multiple of 119?
False
Does 680 divide 10907880?
True
Is 175 a factor of 153300?
True
Is 262164 a multiple of 28?
True
Is 7854408 a multiple of 306?
True
Does 14 divide 1265712?
True
Does 374 divide 290248?
False
Does 311 divide 945751?
True
Does 17 divide 16595077?
True
Is 342624 a multiple of 5?
False
Does 136 divide 336516?
False
Does 235 divide 608650?
True
Is 481 a factor of 4489166?
False
Is 3 a factor of 58002?
True
Does 43 divide 278812?
True
Is 3005780 a multiple of 5?
True
Is 211 a factor of 433394?
True
Does 35 divide 312842?
False
Is 4334433 a multiple of 2?
False
Is 219648 a multiple of 44?
True
Is 1316172 a multiple of 39?
True
Does 87 divide 30614695?
False
Does 1257 divide 2465801?
False
Is 178 a factor of 80278?
True
Does 47 divide 244776?
True
Does 147 divide 242697?
True
Is 10607289 a multiple of 77?
True
Is 13 a factor of 342901?
True
Does 27 divide 1161675?
True
Is 5 a factor of 710729?
False
Is 2327592 a multiple of 662?
True
Does 533 divide 2284438?
True
Does 436 divide 2397770?
False
Is 53 a factor of 197531?
True
Does 5 divide 15896?
False
Is 2376 a multiple of 24?
True
Does 60 divide 129299?
False
Does 57 divide 1224132?
True
Does 41 divide 31552?
False
Is 8554876 a multiple of 34?
True
Does 187 divide 2197063?
True
Is 2 a factor of 50036?
True
Does 58 divide 194010?
True
Is 10 a factor of 79953?
False
Is 78 a factor of 102526?
False
Is 45770 a multiple of 36?
False
Is 90666 a multiple of 9?
True
Does 19 divide 2954405?
True
Is 248238 a multiple of 168?
False
Does 6 divide 45571?
False
Is 157948 a multiple of 14?
True
Does 151 divide 690070?
True
Is 1299272 a multiple of 676?
True
Does 22 divide 166452?
True
Is 9 a factor of 131328?
True
Is 5876208 a multiple of 24?
True
Is 2282275 a multiple of 54?
False
Is 36 a factor of 31375?
False
Is 75 a factor of 241184?
False
Is 193 a factor of 427109?
True
Is 1154790 a multiple of 70?
True
Does 82 divide 1604248?
True
Does 11 divide 4047?
False
Does 659 divide 264918?
True
Is 14 a factor of 2265130?
True
Is 16 a factor of 146803?
False
Does 36 divide 562536?
True
Does 2 divide 4550?
True
Does 56 divide 36207?
False
Does 784 divide 6343323?
False
Is 409600 a multiple of 32?
True
Is 13109875 a multiple of 10?
False
Does 10 divide 639139?
False
Is 32891 a multiple of 31?
True
Is 861656 a multiple of 2?
True
Does 178 divide 34273900?
True
Does 6 divide 106887?
False
Is 33 a factor of 75510?
False
Does 452 divide 226452?
True
Is 279 a factor of 15048809?
False
Is 66718 even?
True
Is 473 a factor of 2268218?
False
Is 474385 a multiple of 9?
False
Is 4 a factor of 22592?
True
Is 18 a factor of 5282701?
False
Is 159 a factor of 3052353?
False
Is 22 a factor of 2932666?
True
Does 4 divide 61780?
True
Does 41 divide 2793248?
True
Is 521 a factor of 17107556?
True
Is 6176644 a multiple of 173?
False
Does 15 divide 91219?
False
Is 10 a factor of 65130?
True
Is 66 a factor of 41718582?
False
Is 63 a factor of 581301?
True
Is 7 a factor of 139811?
True
Is 273 a factor of 1023491?
False
Is 24 a factor of 53917?
False
Is 16600585 a multiple of 1615?
True
Is 1109391 a multiple of 466?
False
Is 3662208 a multiple of 136?
True
Is 409070 a multiple of 31?
False
Is 273999 a multiple of 57?
True
Is 3323224 a multiple of 5?
False
Is 141600 a multiple of 590?
True
Is 26 a factor of 110289?
False
Is 154 a factor of 653805?
False
Is 42 a factor of 417858?
True
Does 18 divide 111384?
True
Is 230685 a multiple of 65?
True
Does 451 divide 3635065?
False
Is 6 a factor of 9808?
False
Is 5388775 a multiple of 25?
True
Is 588079 a multiple of 14?
False
Does 22 divide 891198?
True
Is 20 a factor of 299620?
True
Does 10 divide 10703?
False
Is 127 a factor of 85471?
True
Is 3478328 a multiple of 694?
True
Is 418 a factor of 1613